{"id":22402,"date":"2024-04-29T11:59:00","date_gmt":"2024-04-29T14:59:00","guid":{"rendered":"https:\/\/www.comparaonline.cl\/blog\/?page_id=22402"},"modified":"2025-03-27T11:42:52","modified_gmt":"2025-03-27T14:42:52","slug":"informacion-al-publico","status":"publish","type":"page","link":"https:\/\/www.comparaonline.cl\/blog\/informacion-al-publico\/","title":{"rendered":"Informaci\u00f3n al p\u00fablico"},"content":{"rendered":"\n<h5 class=\"wp-block-heading has-text-align-right\">Actualizado el 27 de marzo de 2025<\/h5>\n\n\n\n<p><strong>COMPARA ONLINE S.A.<\/strong><\/p>\n\n\n\n<p><strong>INFORMACI\u00d3N GENERAL<\/strong><\/p>\n\n\n\n<p>Rol \u00fanico tributario N\u00b076.052.998-2, domicilio Av. Andr\u00e9s Bello N\u00b02687, of. 2401, Las Condes, RM, representante legal Sebasti\u00e1n Valin Acu\u00f1a.<\/p>\n\n\n\n<p><strong>ROL Y PARTICIPACI\u00d3N<\/strong><\/p>\n\n\n\n<p>Compara Online S.A. es titular del sitio web <a href=\"https:\/\/www.comparaonline.cl\">www.comparaonline.cl<\/a> a trav\u00e9s del cual promociona diversos productos.&nbsp;<\/p>\n\n\n\n<p>Compara Online S.A. comercializa las \u201casistencias en viaje\u201d de las compa\u00f1\u00edas proveedoras de las asistencias. Los servicios de asistencia no son prestados por Compara Online S.A.<\/p>\n\n\n\n<p><strong>COMPARA ONLINE CORREDORA DE SEGUROS SpA<\/strong><\/p>\n\n\n\n<p>INFORMACI\u00d3N GENERAL<\/p>\n\n\n\n<p>Rol \u00fanico tributario N\u00b076.328.367-4, domicilio Av. Andr\u00e9s Bello N\u00b02687, of. 2401, Las Condes, RM, representante legal Mar\u00eda Paz Schuster.<\/p>\n\n\n\n<p><strong>ROL Y PARTICIPACI\u00d3N<\/strong><\/p>\n\n\n\n<p>Compara Online Corredora de Seguros SpA act\u00faa como intermediario de seguros en la contrataci\u00f3n de p\u00f3lizas de seguros automotrices, SOAP y otros seguros, entre los clientes y las compa\u00f1\u00edas de seguros. Sus obligaciones se rigen por el D.S. N\u00b01055, del 17 de agosto de 2012.<\/p>\n\n\n\n<p><strong>INFORMACI\u00d3N SOBRE ATENCI\u00d3N DE CLIENTES Y PRESENTACI\u00d3N DE CONSULTAS Y RECLAMOS<\/strong><\/p>\n\n\n\n<p>En virtud de la Circular N\u00b02131 de 28 de noviembre de 2013 de la CMF, los corredores de seguros deber\u00e1n recibir, registrar y responder todas las presentaciones, consultas o reclamos que se les presenten directamente por el contratante, asegurado, beneficiarios o leg\u00edtimos interesados o sus mandatarios.<\/p>\n\n\n\n<p>Las presentaciones pueden ser efectuadas en todas las oficinas de las entidades en que se atienda p\u00fablico, presencialmente, por correo postal, medios electr\u00f3nicos, o telef\u00f3nicamente, sin formalidades, en el horario normal de atenci\u00f3n.<\/p>\n\n\n\n<p>Recibida una presentaci\u00f3n, consulta o reclamo, \u00e9sta deber\u00e1 ser respondida en el plazo m\u00e1s breve posible, el que no podr\u00e1 exceder de 20 d\u00edas h\u00e1biles, contados desde su recepci\u00f3n.<\/p>\n\n\n\n<p>El interesado, en caso de disconformidad respecto de lo informado, o bien cuando exista demora injustificada de la respuesta, podr\u00e1 recurrir a la Comisi\u00f3n para el Mercado Financiero, cuyas oficinas se encuentran ubicadas en Av. Libertador Bernardo O\u2019Higgins 1449, piso 1\u00ba, Santiago, o a trav\u00e9s del sitio web www.cmfchile.cl.<\/p>\n\n\n\n<p><strong>DIVERSIFICACI\u00d3N DE CARTERA<\/strong><\/p>\n\n\n\n<p>En nuestra calidad de Corredora de Seguros y en cumplimiento a la ley (Art. 57 DFL 251) e instrucciones impartidas por la Comisi\u00f3n para el Mercado Financiero (CMF), informamos que durante el a\u00f1o calendario anterior, intermediamos contratos de seguros con las compa\u00f1\u00edas que se indican a continuaci\u00f3n:<\/p>\n\n\n\n<figure class=\"wp-block-table is-style-stripes\"><div class='table-wrapper'><table><thead><tr><th class=\"has-text-align-left\" data-align=\"left\">Compa\u00f1\u00eda<\/th><th>% Prima intermediada<\/th><\/tr><\/thead><tbody><tr><td class=\"has-text-align-left\" data-align=\"left\">HDI SEGUROS S.A.(SG) (NV)<\/td><td>23,73%<\/td><\/tr><tr><td class=\"has-text-align-left\" data-align=\"left\">BCI SEGUROS GENERALES S.A.(SG) (VI)<\/td><td>16,66%<\/td><\/tr><tr><td class=\"has-text-align-left\" data-align=\"left\">COMPA\u00d1\u00cdA DE SEGUROS GENERALES CONSORCIO NACIONAL DE SEGUROS S.A.(SG) (VI)<\/td><td>8,25%<\/td><\/tr><tr><td class=\"has-text-align-left\" data-align=\"left\">MAPFRE COMPA\u00d1IA DE SEGUROS GENERALES DE CHILE S.A.(SG) (VI)<\/td><td>7,57%<\/td><\/tr><tr><td class=\"has-text-align-left\" data-align=\"left\">ZENIT SEGUROS GENERALES S.A.(SG) (VI)<\/td><td>7,49%<\/td><\/tr><tr><td class=\"has-text-align-left\" data-align=\"left\">CHILENA CONSOLIDADA (Seg Grales) (Vigente) CONSOGRAL(SG) (VI)<\/td><td>15,95%<\/td><\/tr><tr><td class=\"has-text-align-left\" data-align=\"left\">BNP PARIBAS CARDIF SEGUROS GENERALES S.A.(SG) (VI)<\/td><td>0,28%<\/td><\/tr><tr><td class=\"has-text-align-left\" data-align=\"left\">SEGUROS GENERALES SURAMERICANA S.A.(SG) (VI)<\/td><td>12,19 %<\/td><\/tr><tr><td class=\"has-text-align-left\" data-align=\"left\">FID CHILE SEGUROS GENERALES S.A.(SG) (VI)<\/td><td>6,10 %<\/td><\/tr><tr><td class=\"has-text-align-left\" data-align=\"left\">RENTA NACIONAL COMPA\u00d1\u00cdA DE SEGUROS GENERALES S.A.(SG) (VI)<\/td><td>-2,84 %<\/td><\/tr><tr><td class=\"has-text-align-left\" data-align=\"left\">BICE SEGUROS DE VIDA S.A.(SV) (NV) <\/td><td>0,00%<\/td><\/tr><tr><td class=\"has-text-align-left\" data-align=\"left\">REALE CHILE SEGUROS GENERALES S.A.(SG) (VI)<\/td><td>4,62%<\/td><\/tr><tr><td class=\"has-text-align-left\" data-align=\"left\">TOTAL<\/td><td>100,00%<\/td><\/tr><\/tbody><\/table><\/div><\/figure>\n\n\n\n<p><strong>P\u00d3LIZAS DE GARANT\u00cdA Y RESPONSABILIDAD CIVIL<\/strong><\/p>\n\n\n\n<p>As\u00ed tambi\u00e9n, para responder al correcto cumplimiento de nuestras obligaciones como corredora de seguros (Art. 58 DFL 251), especialmente, de los perjuicios que podamos ocasionar a los asegurados que contraten seguros a trav\u00e9s de nuestra intermediaci\u00f3n, hemos constituido la siguiente garant\u00eda:<\/p>\n\n\n\n<p><strong>Compa\u00f1\u00eda de Seguros Generales Consorcio Nacional de Seguros S.A.<\/strong><\/p>\n\n\n\n<ul class=\"wp-block-list\">\n<li>P\u00f3liza de Garant\u00eda para Corredores de Seguros: N\u00b010054219<\/li>\n\n\n\n<li>P\u00f3liza de Responsabilidad Civil para Corredores de Seguros: N\u00ba10054218<\/li>\n<\/ul>\n","protected":false},"excerpt":{"rendered":"<p>Actualizado el 27 de marzo de 2025<\/p>\n","protected":false},"author":1,"featured_media":0,"parent":0,"menu_order":0,"comment_status":"closed","ping_status":"closed","template":"","meta":{"footnotes":""},"categories":[],"tags":[],"class_list":["post-22402","page","type-page","status-publish","hentry"],"yoast_head":"<!-- This site is optimized with the Yoast SEO plugin v26.9 - https:\/\/yoast.com\/product\/yoast-seo-wordpress\/ -->\n<title>Informaci\u00f3n al p\u00fablico - ComparaOnline<\/title>\n<meta name=\"robots\" content=\"index, follow, max-snippet:-1, max-image-preview:large, max-video-preview:-1\" \/>\n<link rel=\"canonical\" href=\"https:\/\/www.comparaonline.cl\/blog\/informacion-al-publico\/\" \/>\n<meta property=\"og:locale\" content=\"es_ES\" \/>\n<meta property=\"og:type\" content=\"article\" \/>\n<meta property=\"og:title\" content=\"Informaci\u00f3n al p\u00fablico - ComparaOnline\" \/>\n<meta property=\"og:description\" content=\"Actualizado el 27 de marzo de 2025\" \/>\n<meta property=\"og:url\" content=\"https:\/\/www.comparaonline.cl\/blog\/informacion-al-publico\/\" \/>\n<meta property=\"og:site_name\" content=\"ComparaOnline\" \/>\n<meta property=\"article:publisher\" content=\"https:\/\/www.facebook.com\/comparachile\/\" \/>\n<meta property=\"article:modified_time\" content=\"2025-03-27T14:42:52+00:00\" \/>\n<meta name=\"twitter:card\" content=\"summary_large_image\" \/>\n<meta name=\"twitter:site\" content=\"@compara_chile\" \/>\n<meta name=\"twitter:label1\" content=\"Tiempo estimado de lectura\" \/>\n\t<meta name=\"twitter:data1\" content=\"3 minutos\" \/>\n<script type=\"application\/ld+json\" class=\"yoast-schema-graph\">{\"@context\":\"https:\/\/schema.org\",\"@graph\":[{\"@type\":\"WebPage\",\"@id\":\"https:\/\/www.comparaonline.cl\/blog\/informacion-al-publico\/\",\"url\":\"https:\/\/www.comparaonline.cl\/blog\/informacion-al-publico\/\",\"name\":\"Informaci\u00f3n al p\u00fablico - ComparaOnline\",\"isPartOf\":{\"@id\":\"https:\/\/www.comparaonline.cl\/blog\/#website\"},\"datePublished\":\"2024-04-29T14:59:00+00:00\",\"dateModified\":\"2025-03-27T14:42:52+00:00\",\"inLanguage\":\"es-CL\",\"potentialAction\":[{\"@type\":\"ReadAction\",\"target\":[\"https:\/\/www.comparaonline.cl\/blog\/informacion-al-publico\/\"]}]},{\"@type\":\"WebSite\",\"@id\":\"https:\/\/www.comparaonline.cl\/blog\/#website\",\"url\":\"https:\/\/www.comparaonline.cl\/blog\/\",\"name\":\"ComparaOnline\",\"description\":\"Todo lo que necesitas saber sobre seguros y productos financieros\",\"publisher\":{\"@id\":\"https:\/\/www.comparaonline.cl\/blog\/#organization\"},\"potentialAction\":[{\"@type\":\"SearchAction\",\"target\":{\"@type\":\"EntryPoint\",\"urlTemplate\":\"https:\/\/www.comparaonline.cl\/blog\/?s={search_term_string}\"},\"query-input\":{\"@type\":\"PropertyValueSpecification\",\"valueRequired\":true,\"valueName\":\"search_term_string\"}}],\"inLanguage\":\"es-CL\"},{\"@type\":\"Organization\",\"@id\":\"https:\/\/www.comparaonline.cl\/blog\/#organization\",\"name\":\"Compara\",\"url\":\"https:\/\/www.comparaonline.cl\/blog\/\",\"logo\":{\"@type\":\"ImageObject\",\"inLanguage\":\"es-CL\",\"@id\":\"https:\/\/www.comparaonline.cl\/blog\/#\/schema\/logo\/image\/\",\"url\":\"https:\/\/www.comparaonline.cl\/blog-statics\/cl\/uploads\/2020\/02\/15814375758341.png\",\"contentUrl\":\"https:\/\/www.comparaonline.cl\/blog-statics\/cl\/uploads\/2020\/02\/15814375758341.png\",\"width\":161,\"height\":35,\"caption\":\"Compara\"},\"image\":{\"@id\":\"https:\/\/www.comparaonline.cl\/blog\/#\/schema\/logo\/image\/\"},\"sameAs\":[\"https:\/\/www.facebook.com\/comparachile\/\",\"https:\/\/x.com\/compara_chile\",\"https:\/\/www.instagram.com\/compara_chile\/\",\"https:\/\/www.linkedin.com\/company\/compara\/\",\"http:\/\/www.youtube.com\/c\/ComparaChile\"]}]}<\/script>\n<!-- \/ Yoast SEO plugin. -->","yoast_head_json":{"title":"Informaci\u00f3n al p\u00fablico - ComparaOnline","robots":{"index":"index","follow":"follow","max-snippet":"max-snippet:-1","max-image-preview":"max-image-preview:large","max-video-preview":"max-video-preview:-1"},"canonical":"https:\/\/www.comparaonline.cl\/blog\/informacion-al-publico\/","og_locale":"es_ES","og_type":"article","og_title":"Informaci\u00f3n al p\u00fablico - ComparaOnline","og_description":"Actualizado el 27 de marzo de 2025","og_url":"https:\/\/www.comparaonline.cl\/blog\/informacion-al-publico\/","og_site_name":"ComparaOnline","article_publisher":"https:\/\/www.facebook.com\/comparachile\/","article_modified_time":"2025-03-27T14:42:52+00:00","twitter_card":"summary_large_image","twitter_site":"@compara_chile","twitter_misc":{"Tiempo estimado de lectura":"3 minutos"},"schema":{"@context":"https:\/\/schema.org","@graph":[{"@type":"WebPage","@id":"https:\/\/www.comparaonline.cl\/blog\/informacion-al-publico\/","url":"https:\/\/www.comparaonline.cl\/blog\/informacion-al-publico\/","name":"Informaci\u00f3n al p\u00fablico - ComparaOnline","isPartOf":{"@id":"https:\/\/www.comparaonline.cl\/blog\/#website"},"datePublished":"2024-04-29T14:59:00+00:00","dateModified":"2025-03-27T14:42:52+00:00","inLanguage":"es-CL","potentialAction":[{"@type":"ReadAction","target":["https:\/\/www.comparaonline.cl\/blog\/informacion-al-publico\/"]}]},{"@type":"WebSite","@id":"https:\/\/www.comparaonline.cl\/blog\/#website","url":"https:\/\/www.comparaonline.cl\/blog\/","name":"ComparaOnline","description":"Todo lo que necesitas saber sobre seguros y productos financieros","publisher":{"@id":"https:\/\/www.comparaonline.cl\/blog\/#organization"},"potentialAction":[{"@type":"SearchAction","target":{"@type":"EntryPoint","urlTemplate":"https:\/\/www.comparaonline.cl\/blog\/?s={search_term_string}"},"query-input":{"@type":"PropertyValueSpecification","valueRequired":true,"valueName":"search_term_string"}}],"inLanguage":"es-CL"},{"@type":"Organization","@id":"https:\/\/www.comparaonline.cl\/blog\/#organization","name":"Compara","url":"https:\/\/www.comparaonline.cl\/blog\/","logo":{"@type":"ImageObject","inLanguage":"es-CL","@id":"https:\/\/www.comparaonline.cl\/blog\/#\/schema\/logo\/image\/","url":"https:\/\/www.comparaonline.cl\/blog-statics\/cl\/uploads\/2020\/02\/15814375758341.png","contentUrl":"https:\/\/www.comparaonline.cl\/blog-statics\/cl\/uploads\/2020\/02\/15814375758341.png","width":161,"height":35,"caption":"Compara"},"image":{"@id":"https:\/\/www.comparaonline.cl\/blog\/#\/schema\/logo\/image\/"},"sameAs":["https:\/\/www.facebook.com\/comparachile\/","https:\/\/x.com\/compara_chile","https:\/\/www.instagram.com\/compara_chile\/","https:\/\/www.linkedin.com\/company\/compara\/","http:\/\/www.youtube.com\/c\/ComparaChile"]}]}},"_links":{"self":[{"href":"https:\/\/www.comparaonline.cl\/blog\/wp-json\/wp\/v2\/pages\/22402","targetHints":{"allow":["GET"]}}],"collection":[{"href":"https:\/\/www.comparaonline.cl\/blog\/wp-json\/wp\/v2\/pages"}],"about":[{"href":"https:\/\/www.comparaonline.cl\/blog\/wp-json\/wp\/v2\/types\/page"}],"author":[{"embeddable":true,"href":"https:\/\/www.comparaonline.cl\/blog\/wp-json\/wp\/v2\/users\/1"}],"replies":[{"embeddable":true,"href":"https:\/\/www.comparaonline.cl\/blog\/wp-json\/wp\/v2\/comments?post=22402"}],"version-history":[{"count":15,"href":"https:\/\/www.comparaonline.cl\/blog\/wp-json\/wp\/v2\/pages\/22402\/revisions"}],"predecessor-version":[{"id":25500,"href":"https:\/\/www.comparaonline.cl\/blog\/wp-json\/wp\/v2\/pages\/22402\/revisions\/25500"}],"wp:attachment":[{"href":"https:\/\/www.comparaonline.cl\/blog\/wp-json\/wp\/v2\/media?parent=22402"}],"wp:term":[{"taxonomy":"category","embeddable":true,"href":"https:\/\/www.comparaonline.cl\/blog\/wp-json\/wp\/v2\/categories?post=22402"},{"taxonomy":"post_tag","embeddable":true,"href":"https:\/\/www.comparaonline.cl\/blog\/wp-json\/wp\/v2\/tags?post=22402"}],"curies":[{"name":"wp","href":"https:\/\/api.w.org\/{rel}","templated":true}]}}